 w(x) = -7*i(x) - 3*u(x). Give w(5).
3
Let w(u) be the first derivative of -1/3*u**3 - 3*u - 4*u**2 - 5. Give w(-7).
4
Let p(w) = -w + 3. Suppose -12 = -4*r + 2*o + 2*o, 4*o = 2*r - 4. Calculate p(r).
-1
Let p(k) = 7 - 8 + 0*k - 2*k + 0. Determine p(6).
-13
Let a(r) = -r**3 + 5*r**2 + r - 2. Let w(n) = -n**2 + 4*n + 1. Let l be w(2). Calculate a(l).
3
Suppose -4*q - 4 = 5*g - 2*g, 0 = q - 3*g - 14. Let k(x) = -6*x + x**3 - 2*x**3 + 2*x + 1 + 5*x**q. Give k(4).
1
Let u = 5 - 0. Suppose 2*m - 7 = 5*m - o, 3*o = m + u. Let l(s) = -4*s + 1. Determine l(m).
9
Let a(v) = v**3 + 3*v**2 - 2*v - 4. Let o be a(-3). Let b(l) = -2*l**3 + 2*l**2 + 2*l - 2. Determine b(o).
-6
Let s(n) = n**3 + 3*n**2 + 2*n + 1. Let o(f) = 4*f**3 + 12*f**2 + 7*f + 3. Let k(j) = -2*o(j) + 9*s(j). Give k(-2).
-1
Let f(t) = -t - 1. Suppose -4*p = l - 12, -4*p - 1 = -l - 5. Calculate f(l).
-5
Let u(j) = 6*j - 12. Let h(d) = d - 2. Let f(t) = -8*h(t) + u(t). Give f(3).
-2
Let c(v) = -v + 15. Let d(o) = o - 15. Let g(k) = -4*c(k) - 3*d(k). What is g(0)?
-15
Let m(z) = 13 + 5 + 4 + 3*z - 16. What is m(-5)?
-9
Let z(d) = -d**2 + 5*d. Let b be z(5). Suppose 5*h + 5 = -b*h. Let n = 0 + h. Let t(j) = 4*j. Give t(n).
-4
Suppose 3*h + 1 + 11 = 0, 4*d + 8 = -5*h. Let t(l) = 0*l**3 + 2 + 9*l - 6*l + l**3 + d*l**2. Give t(-2).
0
Suppose 4*r + r + 20 = 0. Let z(d) = 2*d - 11. Let l(j) = -j + 5. Suppose -5*g - 41 = 2*h, -h - 2*h = 3*g + 21. Let x(w) = g*l(w) + r*z(w). Determine x(-4).
-5
Let n = -12 - -11. Let u be (1/(-2))/(n/(-2)). Let l(z) = 3*z + 1 - 3*z + 4*z. Calculate l(u).
-3
Let j(k) = 2*k**3 + 2*k**2 + 5*k + 4. Let r(x) = -x**3 - x**2. Let l(z) = -2*z + 5. Let s be l(4). Let v(u) = s*r(u) - j(u). Calculate v(-3).
-7
Let s(f) = 3*f**2 - 3*f. Let g be s(3). Let p = 13 - g. Let z(c) = c**3 + 5*c**2 - 3*c - 6. Determine z(p).
9
Suppose 2*m + 10 = -4*p, 8*p - 3*m - 4 = 3*p. Let v(w) = -8*w - 5. Let s(g) = -33*g - 21. Let z(x) = -5*s(x) + 21*v(x). Calculate z(p).
3
Let a(i) = 18*i + 0 - 2*i**2 - 31*i + 1 + 14*i. Suppose -3*v + 4*v - 4 = 0. Suppose 2*y - 11 = r, y - v*y + 20 = -5*r. What is a(r)?
-2
Let n = 2 + -4. Let i be 5 + n - (1 + -1). Let x(j) = -3*j + 4*j - i*j**2 + 4*j**2. Determine x(-1).
0
Let u(h) = -8*h**3 - h**2 + h + 1. Let v(w) = 1 - w + 8 - 10 - w**3. Suppose m - 5 = -2*f, 2*m - 10 = 4*f - 0*m. Let o be v(f). Give u(o).
7
Suppose p + 0*p - 8 = -5*z, -4*z = 2*p - 16. Let g = p - 4. Suppose -3*b - 14 = -g*f, 6 = -f - f - 5*b. Let y(r) = 2*r**2 - 2*r - 1. Determine y(f).
3
Let k(n) = -n**3 + n**2 - n - 1. Let c(y) = -7*y**3 + 3*y**2 - 5*y - 4. Let s(r) = c(r) - 6*k(r). Let b be (-34)/6 - 2/6. Let m = 4 + b. What is s(m)?
-4
Let r(k) = k + k**3 - 170*k**2 - 2*k**3 + 169*k**2 - 4. Let m be r(0). Let p(w) = -w**2 - 4*w - 5. Determine p(m).
-5
Let m(n) = -2*n + 4. Suppose q - 45 = -4*q. Let b = q + -4. Give m(b).
-6
Let a(c) = 3 - 4*c + c**2 + c**2 - c**2. Let m(l) be the first derivative of l**2/2 + 9*l + 2. Let g be m(-7). What is a(g)?
-1
Suppose -3*h + 41 = 4*u, -4*u - 5*h + 7 = -5*u. Let c be (-4 - 0)*6/u. Let y be 13/c - (-1)/3. Let s(b) = 2*b + 3. Give s(y).
-5
Let y(t) be the first derivative of -t**5/60 - t**4/8 + t**3/6 + 5*t**2/2 - 5. Let d(q) be the second derivative of y(q). Give d(-3).
1
Let h(z) = 2*z + 4. Let s be h(2). Let u(b) = b**3 - 7*b**2 - 8*b + 7. What is u(s)?
7
Let u = 2 - 1. Let n(v) = -u + v + 0 + 0. Let r = 16 + -15. Determine n(r).
0
Let u(k) = -k**3 - k**2 + k + 2. Let b be u(0). Suppose -y - x + 1 = 0, -4*x - b = -2*y - 2*x. Let q(o) = 5*o - o**3 - 3*o - 1 - 3*o**3. Give q(y).
-3
Let v(a) = 10*a**2 + a - 1. Let z be 3/(-15) + 1/5. Let p = z + 1. What is v(p)?
10
Let b = 17 + -12. Let x(n) be the second derivative of -n**4/12 + 2*n**3/3 + n**2/2 + 27*n. Calculate x(b).
-4
Let i(y) = -84 - 6*y**3 + y + 177 - 94. Suppose -1 + 0 = -o. Determine i(o).
-6
Let z = 2 - -1. Suppose -5*v - 21 + 8 = z*x, -5*v = 10. Let y(a) be the first derivative of -2*a**3 + a**2/2 + a + 61. Calculate y(x).
-6
Let b = 6 - 4. Suppose -h = b*h - 15. Let m(y) = 3 - 5 + h + y. Calculate m(-5).
-2
Let s(r) be the second derivative of -r**4/24 + r**3/6 - r**2 + 2*r. Let m(a) be the first derivative of s(a). Let q be (-1 - (-1 - 0))/2. What is m(q)?
1
Let n = 46 - 45. Let k(q) = 3*q**2 + 2*q - 1. What is k(n)?
4
Let g(o) = 3*o**2 - o. Let u(c) = c**2 - 5*c + 4. Let z be u(5). Suppose z*h = -2 - 2. What is g(h)?
4
Let t(r) = -2*r + 31. Let b be t(13). Let o(p) = p + 2. Determine o(b).
7
Let k = 0 + -1. Let g be (0 - -2) + -5 + k. Let t(j) = -5*j**2 + 19*j + 7. Let n(a) = a**2 - 5*a - 2. Let o(c) = 9*n(c) + 2*t(c). Give o(g).
8
Let v(q) = -7*q**2 + 2*q - 1. Let k be (36/10)/((-22)/(-55)). Let w = -8 + k. Calculate v(w).
-6
Let n(a) = -25 + a + 0*a**2 - 3*a**2 + 23. What is n(2)?
-12
Suppose -s - 17 = -5*j, -s - 2 = -2*j + 3. Suppose n = c - 3*n - 19, -n + 5 = s*c. Let w(i) = i**3 - 4*i**2 + 2*i + 1. Determine w(c).
-2
Let b(p) = p**2 + 5*p + 5. Let x(d) = d**2 + 2*d + 2. Let c be x(-3). Let u be (2*5)/(4/10). Suppose -u = c*j - 0*j. Determine b(j).
5
Let b(p) = 1 - 6*p + 0*p - 6 + 3. Determine b(-3).
16
Let z(r) = -r**2 + 7*r + 8. Let s(a) = -a**3 - 5*a**2 + 12*a - 8. Let d be s(-7). Calculate z(d).
14
Let s(f) = -f**3 - 8*f**2 + 8*f - 11. Suppose -2 = -2*k - 20. Determine s(k).
-2
Let p = 125 - 120. Let v(o) = -o**3 + 6*o**2 - 2*o - 5. Determine v(p).
10
Let p be (10/(-1))/(1 + -3). Suppose -p*f - 3 = 17. Let c(z) = 1. Let g(t) = -t - 7. Let r(k) = 6*c(k) + g(k). Give r(f).
3
Let g(x) = 4*x**2 + 5*x + 0*x**2 - 5*x**2 + 4. Suppose 5*t = -4*r + 37, t + 0*r - 5*r = -10. What is g(t)?
4
Let p = -22 - -31. Let c = p + -4. Let g(s) be the first derivative of s**3/3 - 2*s**2 - 3*s - 2. Give g(c).
2
Let t(z) = z**3 - 7*z**2 - 7. Let g(b) = -b**3 + 11*b**2 + 7. Let v be g(11). Give t(v).
-7
Let b(g) be the third derivative of 1/8*g**4 - 1/120*g**6 + 0 + 1/3*g**3 + g**2 - 1/15*g**5 + 0*g. Suppose 5*i = i - 16. Give b(i).
-10
Let q(b) = -b**2 - 6*b. Let p(l) = 1 - 1 + 5*l**2 + 1 + 3*l + l**3 - l**2. Let x be p(-2). Suppose -x = 2*u + 7. Determine q(u).
5
Let a(o) = -o**3 - 12*o**2 - o - 9. Let b be a(-12). Let l(i) be the third derivative of i**5/60 - 5*i**4/24 + i**3/2 - 2*i**2. Determine l(b).
-3
Let y(p) = p**3 - 2*p. Let n be y(2). Let t(j) = -j**3 + 3*j**2 + 6*j - 1. Determine t(n).
7
Let h = 3 + 2. Let c(y) = -y - 1. Determine c(h).
-6
Let k = 9 - 7. Let d(n) be the third derivative of 2*n**k + 0 + 0*n - 1/60*n**5 - 1/60*n**6 + 1/12*n**4 - 1/6*n**3. Give d(-2).
7
Let m(d) = -1. Let f(h) = h - 1. Let w(g) = f(g) - 2*m(g). Let s = -1 - 0. Calculate w(s).
0
Let n(x) = 7*x**2 - x + 5. Let d(b) = -6*b**2 + 2*b - 5. Let m(s) = 6*d(s) + 5*n(s). Calculate m(4).
7
Suppose -15 - 10 = -5*u. Let g(i) = -i**3 + 5*i**2 + i - 11. Give g(u).
-6
Let k = -14 + 9. Suppose 3*x - 9 = -2*u - 0, -17 = -5*x - 4*u. Let w(j) = -3*j**3 + 6*j**2 + 5*j. Let h(y) = y**3. Let t(z) = x*w(z) + 4*h(z). Determine t(k).
0
Suppose 4*h = -3*i + 14, -i - 27 = 2*h - 7*h. Let v(q) be the third derivative of 0 - 1/6*q**4 - 2*q**2 - 1/6*q**3 + 0*q. What is v(i)?
7
Let v(a) = 7*a + 5. Suppose 0 = 4*t - 5*t - 5. Let p(u) = -6*u - 4. Let g(c) = t*v(c) - 6*p(c). Let x(m) = m**2 + 17*m + 17. Let b be x(-16). Determine g(b).
0
Let k(z) = -z**3 - z**2 + 12. Let g be (-10)/(-25)*-1 + (-4)/(-10). What is k(g)?
12
Let j(c) = -489*c - 2*c**2 + c**3 + 0 + 485*c + 4*c**2 + 1. Calculate j(-3).
4
Let o(y) be the second derivative of -2*y**2 + 0 + y - 1/6*y**3 - 1/20*y**5 - 5/12*y**4. Give o(-5).
1
Let j(u) = -3*u**3 - 7 + 9*u**2 + 4*u**3 - 2*u**2 + 5*u. What is j(-6)?
-1
Let n(z) = -2*z + 15. Let q be n(10). Let y(r) = r - 1. What is y(q)?
-6
Let p = 11 + -9. Let v(t) = -8 + 0 + 7 - 3*t**p. Calculate v(-1).
-4
Let n(v) = 2*v + 7. Let l be n(-5). Let o be 6*1/(l/2). Let p(t) = 1. Let r(b) = -b - 7. Let j(k) = -5*p(k) - r(k). Calculate j(o).
-2
Let g(o) be the second derivative of 7*o**4/12 + o**3/3 + 4*o**2 - 4*o. Let w(a) = -13*a**2 - 4*a - 15. Let i(u) = -11*g(u) - 6*w(u). What is i(-2)?
2
Let y(h) = 6*h + 8. Let l(q) = -7*q - 9. Let m(g) = g + 8. Let f be m(-5). Let v be (-8)/6*(-6)/4. Let j(z) = f*y(z) + v*l(z). What is j(-4)?
-10
Let r(c) = -c**2 - 5*c + 7. Let t(x) = -x**2 + 11*x + 2. Suppose -2*n + 55 = 3*n. Let u be t(n). Suppose -